27 prime?
True
Is 3053589403 prime?
False
Is 737924497 composite?
False
Is 250784879 composite?
False
Is 115629457 composite?
False
Is 803779409 composite?
True
Is 5538248449 a composite number?
True
Is 1332717761 prime?
False
Is 404892979 a prime number?
False
Is 2795176577 prime?
True
Is 4147232207 a composite number?
True
Is 647910734 a composite number?
True
Is 91643911 prime?
True
Is 1400110997 composite?
False
Is 95763559049 composite?
False
Is 624169159 a prime number?
False
Is 4712741941 prime?
True
Is 61862283633 a composite number?
True
Is 12789058459 a composite number?
True
Is 19734248269 prime?
False
Is 245789362421 composite?
False
Is 1701536063 a prime number?
True
Is 33624158927 a composite number?
False
Is 1232181283 a composite number?
False
Is 1827156941 composite?
False
Is 2722235479 a prime number?
True
Is 66927558131 prime?
False
Is 1372035853 prime?
False
Is 574546114 prime?
False
Is 109262135287 a prime number?
True
Is 3132799861 prime?
True
Is 6148820017 a prime number?
False
Is 1832666857 composite?
True
Is 685737743 a composite number?
False
Is 3611759719 prime?
True
Is 24254076347 composite?
False
Is 25304858561 a composite number?
True
Is 4264525159 a prime number?
True
Is 1406149273 a prime number?
False
Is 1759577927 prime?
True
Is 98597942 a composite number?
True
Is 14000038979 a prime number?
False
Is 442336289 prime?
True
Is 81865061 composite?
False
Is 7662333779 a composite number?
False
Is 4092267409 composite?
False
Is 8443958899 a composite number?
True
Is 8055846811 a prime number?
True
Is 233936411 composite?
True
Is 36878465189 a composite number?
True
Is 1495733891 prime?
True
Is 127891769 composite?
True
Is 1173930499 composite?
True
Is 207551471453 composite?
False
Is 598807357 a prime number?
True
Is 6008733743 a composite number?
False
Is 51338147617 prime?
False
Is 37188491231 a prime number?
False
Is 83370653 prime?
False
Is 3349357513 prime?
False
Is 6765440267 a prime number?
False
Is 11680301539 prime?
True
Is 46358602441 composite?
True
Is 10383636691 a prime number?
True
Is 80943467057 composite?
False
Is 4167633923 a prime number?
False
Is 7496122087 a prime number?
True
Is 2587173689 a composite number?
False
Is 48557255797 a composite number?
False
Is 550207477 a prime number?
True
Is 907228741 prime?
False
Is 465523349 a prime number?
True
Is 1183932539 composite?
True
Is 142892861 a composite number?
True
Is 22067472191 prime?
True
Is 4184205983 a composite number?
False
Is 41556110749 a prime number?
True
Is 12230999819 prime?
True
Is 1447856939 composite?
False
Is 31046424197 a prime number?
True
Is 11632182619 composite?
True
Is 768750793 a composite number?
True
Is 1604173507 prime?
True
Is 60598819 a prime number?
True
Is 17144879 a composite number?
False
Is 66217063529 a composite number?
True
Is 13404624359 a prime number?
False
Is 15274054979 prime?
False
Is 11158431919 prime?
False
Is 350214703 a composite number?
False
Is 240402610417 a composite number?
False
Is 25072813 composite?
True
Is 52649213 a prime number?
False
Is 240982811 a composite number?
True
Is 1099224337 composite?
True
Is 273787598741 a prime number?
True
Is 17715532741 composite?
True
Is 10010897881 prime?
False
Is 11280163253 prime?
False
Is 4935616303 composite?
False
Is 11420999963 a composite number?
False
Is 138537541627 prime?
True
Is 1764696653 a composite number?
True
Is 13275818369 prime?
False
Is 188865097 composite?
True
Is 98145211519 prime?
False
Is 20451733349 a composite number?
True
Is 5992764769 a prime number?
False
Is 143179828697 prime?
True
Is 1544644571 composite?
False
Is 32959957699 a prime number?
True
Is 13559142437 a prime number?
False
Is 4714148939 a composite number?
False
Is 6801811813 a composite number?
False
Is 385428409 a prime number?
False
Is 207751769 a composite number?
True
Is 16655370223 a prime number?
False
Is 50662102549 a composite number?
True
Is 1039102787 prime?
False
Is 29832648737 composite?
False
Is 8349473431 a prime number?
False
Is 37481298937 a composite number?
False
Is 2066649941 a prime number?
True
Is 6469018129 prime?
False
Is 306647447 prime?
True
Is 36343698283 a prime number?
False
Is 4456590179 composite?
False
Is 40293419 composite?
False
Is 1111250251 a prime number?
True
Is 2499638077 prime?
False
Is 572421503 composite?
False
Is 196818121 a prime number?
False
Is 627697507 composite?
True
Is 346778065681 a composite number?
True
Is 77168904937 a prime number?
False
Is 95258406835 prime?
False
Is 3210888181 composite?
True
Is 4898375857 a composite number?
False
Is 4452720659 prime?
True
Is 204763187 composite?
False
Is 14763124199 composite?
False
Is 100967104841 a composite number?
True
Is 4851673 a composite number?
True
Is 30964766533 a composite number?
True
Is 167516318633 composite?
False
Is 17175335998 composite?
True
Is 1864422047 prime?
True
Is 120716081443 a composite number?
False
Is 3280707797 a composite number?
False
Is 2948006779 composite?
False
Is 513038157 a prime number?
False
Is 179871581 a composite number?
True
Is 168063197 a prime number?
True
Is 7992170201 composite?
False
Is 4648013774 a composite number?
True
Is 132105904439 a prime number?
False
Is 2488478533 prime?
True
Is 55011909997 a composite number?
True
Is 309899 a composite number?
False
Is 5228176067 composite?
False
Is 309594809 a prime number?
True
Is 24689472169 a composite number?
False
Is 7999732205 a composite number?
True
Is 10983077789 a composite number?
True
Is 84205998239 a composite number?
True
Is 19115586758 prime?
False
Is 1956398309 a composite number?
False
Is 3631276339 prime?
True
Is 5753224207 composite?
True
Is 31480041911 prime?
True
Is 1543714813 a composite number?
False
Is 2139573067 composite?
False
Is 7819661 prime?
True
Is 3795078961 a composite number?
False
Is 135915610031 a prime number?
True
Is 18528414071 a composite number?
True
Is 99124674889 a composite number?
True
Is 175340634293 a prime number?
False
Is 1840452286 a prime number?
False
Is 961927853 a prime number?
False
Is 100065298919 composite?
False
Is 369044905 prime?
False
Is 3713074063 a composite number?
True
Is 496828483 composite?
False
Is 16417273429 a prime number?
True
Is 357200449 composite?
False
Is 114017196331 prime?
False
Is 7539792083 a composite number?
False
Is 2292354761 prime?
True
Is 2894980541 a composite number?
True
Is 2488439183 prime?
True
Is 2940411017 composite?
False
Is 9499075081 prime?
True
Is 99168841 a composite number?
True
Is 30109517 prime?
True
Is 6532218137 prime?
True
Is 142614945053 composite?
True
Is 6243243141 a composite number?
True
Is 6942664031 a prime number?
False
Is 22539724751 a prime number?
True
Is 7931710067 composite?
False
Is 253925609159 a prime number?
True
Is 22350168011 a prime number?
True
Is 713503699 a prime number?
True
Is 56810437949 prime?
True
Is 2929787243 composite?
True
Is 227980703 a prime number?
True
Is 331582213 composite?
False
Is 64741819 a prime number?
False
Is 725235091 a prime number?
False
Is 462110749 prime?
True
Is 826989661 a composite number?
False
Is 32966434057 a composite number?
False
Is 4282727107 a prime number?
True
Is 3629159827 a composite number?
False
Is 604737671 a prime number?
True
Is 4693348013 a prime number?
False
Is 3821077229 composite?
False
Is 1092865679 a prime number?
False
Is 143083609 a composite number?
True
Is 16276583051 prime?
False
Is 16283299309 a composite number?
False
Is 10291223221 prime?
True
Is 613234877 prime?
True
Is 79732595561 composite?
False
Is 642741287 a prime number?
False
Is 2723293819 a composite number?
True
Is 211760039771 composite?
True
Is 2191493111 a prime number?
False
Is 37124897827 a prime number?
True
Is 169358645 a prime number?
False
Is 146610602987 composite?
False
Is 831601151 prime?
True
Is 1476701 a composite number?
False
Is 86979259617 a prime number?
False
Is 3447583081 composite?
False
Is 16363665347 prime?
True
Is 547860793 prime?
False
Is 4381251379 composite?
True
Is 277335241 prime?
True
Is 122632613 composite?
False
Is 62680443593 a prime number?
True
Is 6067266311 composite?
True
Is 238370383 prime?
True
Is 4703319521 a composite number?
False
Is 19537748591 composite?
False
Is 16128547441 a prime numb